 i(k) = 220*k + 151. Give i(1).
371
Let z(x) = -21*x**2 + x + 11. Determine z(-3).
-181
Let f(w) = 4*w**2 - 79*w - 164. Give f(21).
-59
Let u(f) = -36*f - 132. What is u(5)?
-312
Let f(v) = 210*v - 6299. Determine f(30).
1
Let l(b) = -51*b + 3943. What is l(81)?
-188
Let p(b) = -374*b - 2263. Give p(-6).
-19
Let a(j) = -2*j**3 - 11*j**2 + 149*j - 85. Give a(-12).
-1
Let q(w) = -w**3 + 2*w**2 - 5*w - 19. Calculate q(9).
-631
Let r(h) = h**2 - 40*h + 177. What is r(5)?
2
Let k(s) = -379*s**3 - s**2. Calculate k(1).
-380
Let x(u) = 5*u**2 + 91*u + 218. Give x(-16).
42
Let h(l) = -56*l + 589. Give h(6).
253
Let o(w) = -48*w**3 - 2*w**2 - 36*w - 36. Determine o(-1).
46
Let n(d) = 66*d + 316. Calculate n(-5).
-14
Let b(m) = 2*m**2 + 90*m + 807. Give b(-32).
-25
Let m(o) = 2*o + 45. Determine m(-27).
-9
Let v(b) = 61*b + 500. What is v(-2)?
378
Let i(n) = 27*n**2 - 11*n - 3. Determine i(1).
13
Let y(k) = 7*k**3 + 14*k**2 + 9*k - 3. Calculate y(-2).
-21
Let a(p) = 6*p**3 - 5*p**2 + 4*p - 28. Determine a(3).
101
Let s(j) = 2*j**2 + 1108*j + 10968. Calculate s(-10).
88
Let n(g) = 5*g**2 + 908*g - 370. Calculate n(-182).
-6
Let w(a) = 4*a**3 + 20*a**2 + 16*a + 10. Determine w(-4).
10
Let g(m) = 5*m**3 + 110*m**2 - m - 17. Give g(-22).
5
Let k(a) = 358*a - 80155. Calculate k(224).
37
Let w(l) = -2*l**3 - 202*l**2 + 599*l - 2604. Give w(-104).
-4
Let h(k) = -7*k**2 + 63*k + 39. Calculate h(9).
39
Let h(v) = 87*v - 496. Give h(6).
26
Let m(r) = -r**3 + 6*r**2 + 20*r - 84. What is m(6)?
36
Let i(m) = -m**2 + 474*m - 5080. Give i(11).
13
Let z(v) = -v**3 - 13*v**2 - 31*v - 4. What is z(-4)?
-24
Let u(d) = d**2 - d - 130. Determine u(-12).
26
Let b(r) = r**3 - 4*r**2 + 7*r - 6. Calculate b(6).
108
Let k(l) = -l**3 - 35*l**2 - 85*l - 648. Determine k(-33).
-21
Let d(v) = v**3 + 8*v**2 + 35*v + 303. What is d(-9)?
-93
Let i(m) = -m**2 + 71*m - 106. Give i(67).
162
Let s(b) = 29*b - 1699. Give s(58).
-17
Let l(o) = o**3 - 16*o**2 - 39*o + 43. Calculate l(18).
-11
Let b(g) = g**2 - 151*g + 1836. What is b(138)?
42
Let h(o) = o**3 + 20*o**2 + 112*o + 63. What is h(-10)?
-57
Let x(c) = 752*c + 1446. What is x(-2)?
-58
Let w(n) = -n**2 - 98*n - 830. Calculate w(-9).
-29
Let a(n) = 20*n - 74. Determine a(-19).
-454
Let t(q) = -83*q**2 + 2*q + 3. What is t(-1)?
-82
Let z(m) = m**3 + 7*m**2 - 14*m - 26. Determine z(-7).
72
Let x(v) = 63*v**2 - 69*v. Give x(2).
114
Let t(n) = -47952*n**2 + 335663*n + 2. Give t(7).
-5
Let d(p) = 524*p + 5840. What is d(-11)?
76
Let a(b) = 19*b + 56. Calculate a(-6).
-58
Let v(p) = -6653*p + 6655. Determine v(1).
2
Let t(j) = -j**2 + 156*j - 6043. What is t(73)?
16
Let i(j) = 4*j**3 - j**2 - 8*j + 1. Give i(2).
13
Let x(v) = v**3 + 14*v**2 - 37*v - 41. Give x(-16).
39
Let p(c) = 18*c - 17. What is p(-8)?
-161
Let c(o) = 218*o + 64759. Determine c(-297).
13
Let d(u) = 2*u**3 + 23*u**2 + 408*u + 2807. Calculate d(-8).
-9
Let d(v) = -v**3 - 15*v**2 + 14*v + 140. What is d(-16)?
172
Let m(k) = k**2 + 1064*k + 3191. Give m(-3).
8
Let x(g) = -425*g - 3005. Give x(-7).
-30
Let p(s) = -s**3 - 24*s**2 - 146*s + 121. Give p(-15).
286
Let d(n) = -184*n - 359. What is d(-2)?
9
Let m(w) = 63*w + 325. Determine m(-5).
10
Let w(h) = 4*h**2 - 236*h + 3374. What is w(24)?
14
Let c(u) = -u**3 - 13*u**2 + 178*u + 2242. Determine c(-14).
-54
Let r(h) = h**2 - 11*h - 197. Calculate r(-9).
-17
Let i(k) = 14*k**2 + 144*k + 366. Calculate i(-4).
14
Let t(s) = -s**3 - 302*s - 907. Give t(-3).
26
Let f(u) = -2*u**2 + 40*u - 287. Calculate f(0).
-287
Let q(l) = -158*l + 932. Determine q(6).
-16
Let m(d) = 45*d + 70. What is m(-5)?
-155
Let c(m) = -2*m**3 + 16*m**2 + 76*m + 44. Determine c(-3).
14
Let p(s) = 5*s**3 + 12*s**2 - 3*s - 2. Give p(2).
80
Let d(u) = -u**3 + 18*u**2 - 3*u - 19. Give d(18).
-73
Let j(m) = -m**3 - 34*m**2 + 154*m + 2. What is j(4)?
10
Let b(d) = -14*d**2 - 270*d + 272. Calculate b(1).
-12
Let x(i) = -92*i**2 + 3773*i - 25. Give x(41).
16
Let b(o) = 7*o + 628. Calculate b(-35).
383
Let z(m) = -m**3 + 86*m**2 + 3*m - 323. Give z(86).
-65
Let b(d) = -d**2 + 155*d - 4275. Determine b(36).
9
Let m(y) = -3*y**2 + y + 52. Give m(12).
-368
Let c(y) = -2*y**3 - 11*y - 10. Determine c(0).
-10
Let t(d) = -1143*d + 3271. Calculate t(3).
-158
Let p(m) = 223*m - 3121. Give p(14).
1
Let f(t) = 231*t - 2288. Determine f(10).
22
Let c(h) = h**2 - 44*h + 76. Give c(42).
-8
Let h(q) = 6*q + 312. What is h(-45)?
42
Let o(z) = 5*z**3 + 37*z**2 - 12*z - 76. Calculate o(-7).
106
Let s(m) = m**3 + 38*m**2 + 156*m + 1770. Give s(-35).
-15
Let f(l) = -l**3 + 5*l**2 + 39*l - 12. Give f(9).
15
Let d(n) = -3*n**2 + 148*n - 1036. Determine d(41).
-11
Let t(k) = k**3 - 39*k**2 - k - 65. Give t(39).
-104
Let f(m) = m**2 + 117*m - 2117. Determine f(16).
11
Let h(n) = n**3 + 160*n**2 - 4*n - 647. Calculate h(-160).
-7
Let v(o) = 271*o - 7853. What is v(29)?
6
Let b(x) = -20*x**2 - 60*x + 196. What is b(-5)?
-4
Let b(o) = -o**3 + 6*o**2 + 10*o + 59. Determine b(8).
11
Let h(s) = 8*s - 476. What is h(61)?
12
Let n(v) = 46*v - 76. Calculate n(-6).
-352
Let p(c) = 4*c**3 + 75*c**2 + 262*c - 52. Calculate p(-14).
4
Let v(u) = 485*u - 498. Determine v(1).
-13
Let i(s) = -367*s + 4434. Give i(12).
30
Let w(k) = 3*k - 29. Determine w(6).
-11
Let b(n) = 149*n + 1757. Calculate b(-12).
-31
Let x(y) = -120*y**2 + 957*y + 17. Give x(8).
-7
Let o(n) = -n**3 - 25*n**2 + 184*n + 2809. Give o(-28).
9
Let d(z) = 3*z**2 - 189*z - 222. What is d(65)?
168
Let a(x) = -x**3 - 27*x**2 - 33*x - 15. Give a(-26).
167
Let a(n) = -20*n - 1337. Calculate a(-67).
3
Let r(x) = -64*x**2 - 5*x - 6. Calculate r(-1).
-65
Let f(t) = -6*t**2 - 8*t + 4. Calculate f(-4).
-60
Let a(g) = 2*g**2 - 13*g - 28. Determine a(11).
71
Let s(i) = 11*i + 93. Determine s(17).
280
Let i(g) = -346*g + 1380. Calculate i(4).
-4
Let k(m) = -28*m - 536. Determine k(-19).
-4
Let j(s) = -s**3 - 11*s**2 + 9*s + 2. Give j(-12).
38
Let b(r) = -2*r**3 - 3*r**2 - 45*r - 155. Calculate b(-3).
7
Let f(p) = 126*p - 3764. Determine f(30).
16
Let g(o) = -2*o**2 + 246*o + 1539. Determine g(-6).
-9
Let f(x) = -x**3 - 76*x**2 - 146*x + 85. Calculate f(-74).
-63
Let o(m) = 9*m**2 - 60*m + 4. What is o(7)?
25
Let t(w) = 70*w + 888. What is t(-12)?
48
Let b(f) = f**2 - 86*f + 1516. Give b(25).
-9
Let q(a) = a**3 + 104*a**2 + 1618*a + 260. Determine q(-85).
5
Let c(r) = -24*r**2 - 41*r + 85. Give c(2).
-93
Let t(f) = -25*f + 542. Calculate t(16).
142
Let q(c) = 4*c**3 - 49*c**2 - 44*c - 7. Determine q(13).
-72
Let l(q) = 107*q - 3628. Calculate l(34).
10
Let l(v) = v**3 - 20*v**2 - 32*v + 104. Give l(21).
-127
Let s(f) = -f**2 - 13*f + 103. Determine s(6).
-11
Let x(z) = z**3 - 46*z**2 + 80*z - 3669. What is x(46)?
11
Let w(n) = -47*n - 4094. Determine w(-87).
-5
Let k(y) = -438*y + 22771. Calculate k(52).
-5
Let b(d) = 532*d - 6381. Determine b(12).
3
Let c(v) = -64*v**2 - 6*v + 9. Give c(1).
-61
Let t(w) = -w**3 + 64*w**2 - 119*w - 331. Determine t(62).
-21
Let s(r) = r**3 - 19*r**2 - 30*r + 187. What is s(20)?
-13
Let a(k) = 53*k + 1271. Determine a(-24).
-1
Let l(k) = k**3 - 42*k**2 + 94*k - 271. Determine l(40).
289
Let a(p) = p**3 + 4*p**2 - 11*p - 36. Determine a(-5).
-6
Let r(n) = 130*n + 1562. What is r(-12)?
2
Let u(f) = 123*f - 1242. Give u(8).
-258
Let m(n) = -3981*n + 31868. Determine m(8).
20
Let h(q) = 219*q + 128. Calculate h(-1).
-91
Let a(m) = -m**3 + 14*m - 13. Give a(-4).
-5
Let j(n) = -481*n - 25499. Calculate j(-53).
-6
Let p(d) = -1099*d + 20881. What is p(19)?
0
Let a(r) = 35*r - 2365. Give a(67).
-20
Let b(w) = 6*w**2 + 26*w - 320. Give b(11).
692
Let d(a) = 9*a**2 - 61*a - 417. Determine d(11).
1
Let h(v) = -1138*v + 15944. Give h(14).
12
Let g(i) = -i**3 - 16*i**2 + 44*i + 165. Determine g(-17).
-294
Let w(o) = -o**3 - 22*o**2 + 284*o + 87. Determine w(-31).
-68
Let o(q) = 77*q + 59. Calculate o(0).
59
Let w(z) = 3*z**3 + z**2 - z - 2. Calculate w(5).
393
Let l(t) = -t**2 + 19*t + 24. Calculate l(23).
-68
Let o(b) = -31*b**2 + 1887*b + 259. Determine o(61).
15
Let c(o) = -15612*o - 62457. What is c(-4)?
-9
Let d(c) = 2*c**2 + 58*c + 399. What is d(-18)?
3
Let w(s) = 13*s - 36. Calculate w(18).
198
Let s(v) = 3*v**3 + 5*v**2 + 3*v - 3. Give s(2).
47
Let s(v) = -53*v - 96. Give s(-5).
169
Let j(a) = -a**3 - 26*a**2 - a - 